300300.
2, 5, 313003
What are the prime factors of 407055?
3, 5, 11, 2467
What are the prime factors of 148097?
23, 47, 137
List the prime factors of 6054513.
3, 2018171
List the prime factors of 4601641.
11, 418331
List the prime factors of 128381.
11, 1061
What are the prime factors of 11994?
2, 3, 1999
List the prime factors of 30922149.
3, 29, 355427
What are the prime factors of 6512555?
5, 7, 37, 47, 107
List the prime factors of 714043.
11, 139, 467
What are the prime factors of 8123749?
71, 114419
What are the prime factors of 313927?
23, 13649
List the prime factors of 15863059.
53, 229, 1307
List the prime factors of 981400.
2, 5, 7, 701
What are the prime factors of 321002?
2, 11, 14591
What are the prime factors of 13870497?
3, 29, 159431
List the prime factors of 14115656.
2, 1764457
List the prime factors of 113741.
107, 1063
List the prime factors of 2521322.
2, 1260661
List the prime factors of 166403.
166403
List the prime factors of 17726.
2, 8863
What are the prime factors of 1634215?
5, 11, 43, 691
What are the prime factors of 1484528?
2, 31, 41, 73
List the prime factors of 446636.
2, 111659
List the prime factors of 6260123.
557, 11239
What are the prime factors of 5760866?
2, 2880433
List the prime factors of 1539529.
43, 35803
List the prime factors of 6468716.
2, 67, 24137
What are the prime factors of 1268327?
1268327
List the prime factors of 1636391.
1636391
List the prime factors of 5277951.
3, 7, 83777
List the prime factors of 262722.
2, 3, 43787
What are the prime factors of 11204849?
41, 273289
List the prime factors of 121084.
2, 30271
List the prime factors of 4536213.
3, 11, 101, 1361
List the prime factors of 3523634.
2, 1761817
What are the prime factors of 11154620?
2, 5, 557731
What are the prime factors of 8102920?
2, 5, 7, 43, 673
List the prime factors of 10510327.
227, 46301
List the prime factors of 95540.
2, 5, 17, 281
What are the prime factors of 4710141?
3, 523349
What are the prime factors of 3247395?
3, 5, 216493
What are the prime factors of 24115896?
2, 3, 7, 59, 811
List the prime factors of 1082928.
2, 3, 7, 11, 293
List the prime factors of 453849.
3, 11, 17, 809
What are the prime factors of 1976520?
2, 3, 5, 7, 13, 181
What are the prime factors of 4440815?
5, 888163
What are the prime factors of 7359117?
3, 2453039
List the prime factors of 55594.
2, 7, 11, 19
List the prime factors of 241873.
241873
List the prime factors of 81766.
2, 40883
What are the prime factors of 257287?
257287
What are the prime factors of 7272083?
7, 13, 157, 509
What are the prime factors of 3236436?
2, 3, 7, 1427
List the prime factors of 326799.
3, 11, 3301
What are the prime factors of 2931408?
2, 3, 20357
List the prime factors of 23303039.
17, 157, 8731
What are the prime factors of 360656?
2, 22541
List the prime factors of 837846.
2, 3, 89, 523
What are the prime factors of 24158155?
5, 7, 690233
What are the prime factors of 5261214?
2, 3, 7, 19, 347
What are the prime factors of 625112?
2, 78139
List the prime factors of 32852.
2, 43, 191
List the prime factors of 26040806.
2, 11, 31, 38183
What are the prime factors of 353471?
353471
What are the prime factors of 688963?
11, 62633
List the prime factors of 14002122.
2, 3, 773, 3019
What are the prime factors of 2649439?
13, 23, 8861
List the prime factors of 1727940.
2, 3, 5, 31, 929
List the prime factors of 1353318.
2, 3, 47, 4799
List the prime factors of 1357798.
2, 13, 52223
What are the prime factors of 3679750?
2, 5, 41, 359
List the prime factors of 514370.
2, 5, 51437
List the prime factors of 236512.
2, 19, 389
List the prime factors of 341293.
341293
What are the prime factors of 11337479?
11337479
List the prime factors of 172102.
2, 7, 19, 647
What are the prime factors of 3334607?
43, 77549
List the prime factors of 560368.
2, 35023
List the prime factors of 5286597.
3, 37, 97, 491
What are the prime factors of 162540?
2, 3, 5, 7, 43
List the prime factors of 1490646.
2, 3, 248441
What are the prime factors of 1088513?
463, 2351
What are the prime factors of 9192325?
5, 17, 43, 503
List the prime factors of 202898.
2, 101449
List the prime factors of 10316.
2, 2579
What are the prime factors of 295905?
3, 5, 19727
What are the prime factors of 6371383?
101, 199, 317
What are the prime factors of 57505?
5, 7, 31, 53
What are the prime factors of 365414?
2, 7, 43, 607
List the prime factors of 18535749.
3, 149, 41467
List the prime factors of 70306.
2, 35153
What are the prime factors of 658174?
2, 11, 29917
What are the prime factors of 1021819?
17, 60107
What are the prime factors of 551081?
41, 13441
What are the prime factors of 1031088?
2, 3, 21481
What are the prime factors of 4007168?
2, 11, 1423
List the prime factors of 84914.
2, 42457
What are the prime factors of 4137299?
4137299
What are the prime factors of 15703561?
401, 39161
List the prime factors of 7330951.
23, 318737
List the prime factors of 3981353.
227, 17539
List the prime factors of 1640580.
2, 3, 5, 37, 739
List the prime factors of 20729.
19, 1091
List the prime factors of 50326.
2, 25163
What are the prime factors of 4105113?
3, 31, 37, 1193
List the prime factors of 184563.
3, 20507
What are the prime factors of 9411442?
2, 229, 20549
List the prime factors of 6109560.
2, 3, 5, 5657
What are the prime factors of 2920718?
2, 19, 101, 761
List the prime factors of 2598156.
2, 3, 11
List the prime factors of 1392263.
19, 73277
List the prime factors of 832652.
2, 43, 47, 103
List the prime factors of 230493.
3, 76831
List the prime factors of 1447982.
2, 43, 113, 149
What are the prime factors of 2281586?
2, 613, 1861
What are the prime factors of 1617664?
2, 71, 89
What are the prime factors of 2106401?
11, 191491
What are the prime factors of 392324?
2, 98081
List the prime factors of 10923649.
11, 509, 1951
List the prime factors of 677603.
17, 23, 1733
List the prime factors of 200394.
2, 3, 1237
What are the prime factors of 5773951?
1607, 3593
What are the prime factors of 16425354?
2, 3, 11, 248869
What are the prime factors of 106237?
23, 31, 149
What are the prime factors of 889862?
2, 607, 733
What are the prime factors of 336132?
2, 3, 9337
List the prime factors of 185729.
79, 2351
What are the prime factors of 336478?
2, 37, 4547
List the prime factors of 5664700.
2, 5, 37, 1531
What are the prime factors of 2556894?
2, 3, 47, 9067
List the prime factors of 904079.
11, 82189
List the prime factors of 220316.
2, 55079
What are the prime factors of 1150183?
1150183
List the prime factors of 382534.
2, 17, 11251
What are the prime factors of 15371316?
2, 3, 142327
What are the prime factors of 6085897?
6085897
List the prime factors of 2213534.
2, 1106767
What are the prime factors of 2218486?
2, 1109243
What are the prime factors of 9211458?
2, 3, 1535243
What are the prime factors of 2384327?
11, 216757
List the prime factors of 35557.
31, 37
List the prime factors of 335298.
2, 3, 29, 41, 47
What are the prime factors of 142235?
5, 28447
What are the prime factors of 333987?
3, 163, 683
List the prime factors of 10325345.
5, 281, 7349
List the prime factors of 605699.
467, 1297
What are the prime factors of 82779?
3, 41, 673
What are the prime factors of 18176340?
2, 3, 5, 7, 13, 3329
List the prime factors of 591998.
2, 11, 71, 379
List the prime factors of 677885.
5, 13, 10429
What are the prime factors of 4296486?
2, 3, 113, 6337
List the prime factors of 9863396.
2, 197, 12517
What are the prime factors of 36242416?
2, 7, 151, 2143
What are the prime factors of 683619?
3, 227873
List the prime factors of 1183523.
11, 17, 6329
What are the prime factors of 77380?
2, 5, 53, 73
What are the prime factors of 12129529?
1097, 11057
List the prime factors of 1446264.
2, 3, 53, 379
List the prime factors of 7058925.
3, 5, 137, 229
What are the prime factors of 149952?
2, 3, 11, 71
List the prime factors of 1193436.
2, 3, 33151
List the prime factors of 7200131.
7200131
List the prime factors of 22819023.
3, 733, 1153
List the prime factors of 378377.
367, 1031
List the prime factors of 8138710.
2, 5, 813871
List the prime factors of 6446130.
2, 3, 5, 19, 43, 263
What are the prime factors of 2958670?
2, 5, 11, 13, 2069
List the prime factors of 38